).
-22
Let y(h) = -h**2 + 9. Determine y(-4).
-7
Let j(y) = -61*y**3 + 1. What is j(1)?
-60
Let n(g) = 4*g - 89. Calculate n(29).
27
Let t(l) = -l**2 - 12*l + 6. Calculate t(-12).
6
Let i(h) = h**3 - 9*h**2 + 15*h - 67. Determine i(8).
-11
Let z(v) = v**3 - 6*v**2 + 4*v + 10. Calculate z(5).
5
Let l(n) = -n + 7. Calculate l(10).
-3
Let j(y) = 14*y - 771. Give j(55).
-1
Let c(j) = -j**3 - 4*j**2 + 2*j + 2. What is c(-3)?
-13
Let q(f) = f**3 - 7*f**2 + 8*f - 4. Calculate q(6).
8
Let t(i) = 4*i + 18. Calculate t(-5).
-2
Let m(f) = -f. Give m(-1).
1
Let k(d) = 5*d + 1. Determine k(2).
11
Let r(p) = 2*p - 2. Determine r(5).
8
Let a(p) = p**3 - 77*p**2 - 678*p - 166. Calculate a(85).
4
Let s(k) = -k**2 + 41*k - 224. Give s(5).
-44
Let c(p) = p**3 + 6*p**2 - 4*p + 4. Calculate c(-7).
-17
Let y(c) = -c**2 + 12*c - 22. Give y(10).
-2
Let m(x) = -x**3 + 6*x**2 + 2*x + 6. Determine m(5).
41
Let l(f) = 3*f**3 - f**2 - 3*f - 1. Determine l(-2).
-23
Let b(i) = -3*i**2 + 17*i + 8. What is b(6)?
2
Let w(z) = 6*z**2 + 3*z - 2. What is w(2)?
28
Let n(j) = -j**2 - 21*j - 31. Give n(-16).
49
Let o(j) = -j**3 - 16*j**2 - j + 1. Determine o(-16).
17
Let z(c) = -34*c - 4. What is z(-3)?
98
Let t(s) = 7*s + 4. Give t(-3).
-17
Let p(s) = -s**3 - 8*s**2 - 10*s + 16. Determine p(-6).
4
Let t(f) = f**2 + 11*f + 3. Calculate t(-10).
-7
Let z(j) = j**3 - 34*j**2 + 169*j - 34. Calculate z(28).
-6
Let m(t) = -8*t + 383. Give m(53).
-41
Let n(o) = -o**2 + o + 5. Determine n(0).
5
Let a(f) = f - 7. Determine a(5).
-2
Let c(i) = -i**3 + 14*i**2 + 33*i. Calculate c(16).
16
Let p(u) = -5*u - 2. Give p(-3).
13
Let y(d) = d**3 - 29*d**2 + 59*d - 30. Determine y(27).
105
Let o(t) = t + 64. What is o(-3)?
61
Let p(o) = o**3 + 9*o**2 + 13*o - 21. Calculate p(-5).
14
Let d(y) = y**3 + 3*y**2 + y + 6. What is d(-3)?
3
Let l(c) = c**2 + 10*c - 10. Determine l(-11).
1
Let t(s) = -s**3 + 3*s**2 + s - 9. Give t(4).
-21
Let f(z) = -2*z + 16. Calculate f(12).
-8
Let y(r) = 3*r - 35. What is y(9)?
-8
Let j(g) = -11*g + 33. What is j(6)?
-33
Let c(o) = -o**2 - 7*o + 17. Calculate c(-12).
-43
Let a(f) = -f**3 + 30*f**2 + 6*f - 206. Determine a(30).
-26
Let m(o) = o**3 - 35*o**2 - 72*o - 76. Determine m(37).
-2
Let b(d) = 12*d - 416. Determine b(33).
-20
Let a(q) = q**3 + 2*q**2 - 9*q + 6. Calculate a(-5).
-24
Let g(z) = z**3 + 4*z**2 + 3*z + 1. Calculate g(-2).
3
Let y(w) = 30*w**3 + w**2 + 2*w - 2. Give y(1).
31
Let r(t) = t**3 + 11*t**2 + 8*t - 23. Calculate r(-10).
-3
Let k(x) = x**3 + 6*x**2 - 5*x - 4. Determine k(-6).
26
Let l(x) = x**2 - 13*x - 30. Give l(13).
-30
Let u(a) = -2*a + 10. Give u(9).
-8
Let h(r) = r**2 - 10*r + 1. Give h(10).
1
Let j(m) = m**3 - 11*m**2 + 14*m + 1. Give j(6).
-95
Let v(b) = b**2 - 7*b + 3. What is v(5)?
-7
Let z(y) = -14*y**3 + y**2 - 3*y + 1. What is z(1)?
-15
Let x(c) = -8*c**3 - 1. Calculate x(1).
-9
Let g(l) = 21*l + 52. What is g(-3)?
-11
Let s(a) = a**3 - a**2 - 16*a + 9. Give s(5).
29
Let g(x) = -x + 8. Calculate g(-10).
18
Let m(h) = 2*h**2 - 78*h - 6. What is m(39)?
-6
Let o(j) = 8*j - 74. What is o(10)?
6
Let l(q) = q**2 + q + 45. What is l(0)?
45
Let m(c) = -38*c + 6. Calculate m(-2).
82
Let t(v) = v**3 - 19*v**2 - 19*v - 27. Determine t(20).
-7
Let t(q) = -q**2 - 2*q - 2. Calculate t(-1).
-1
Let a(j) = j**3 - 10*j**2 + 7*j + 11. What is a(7)?
-87
Let o(s) = -s**3 + 5*s**2 + 9. Give o(5).
9
Let l(n) = -n + 20. Calculate l(24).
-4
Let g(f) = f**3 - 8*f**2 - 9*f - 9. Determine g(9).
-9
Let p(z) = -377*z + 746. Determine p(2).
-8
Let s(v) = -17*v - 187. Calculate s(-11).
0
Let o(u) = -2*u**2 + 99*u - 31. Calculate o(49).
18
Let d(r) = 3*r**3 + 31*r**2 - 23*r - 5. Determine d(-11).
6
Let r(h) = 3*h + 7. Calculate r(-4).
-5
Let h(d) = -d**3 + 8*d**2 - d + 2. What is h(8)?
-6
Let o(x) = -x**3 - 7*x**2 + 3. What is o(-6)?
-33
Let m(t) = -t - 5. Give m(4).
-9
Let y(q) = q**2 - 16*q + 16. Determine y(14).
-12
Let u(m) = -m**3 + 19*m**2 - 47*m - 30. Determine u(16).
-14
Let g(l) = l**3 + 4*l**2 - 16*l - 21. Determine g(-6).
3
Let j(n) = 3*n - 69. Calculate j(22).
-3
Let s(j) = -3*j - 57. Give s(-19).
0
Let o(m) = 10*m - 6. What is o(2)?
14
Let g(b) = -4*b + 1. What is g(8)?
-31
Let d(y) = y**3 - 8*y**2 + 5*y + 5. What is d(8)?
45
Let v(t) = -t**3 - 8*t**2 - 8*t - 9. Give v(-6).
-33
Let o(b) = -b**3 - b**2 + 11*b - 4. What is o(-3)?
-19
Let f(z) = -2*z + 84. What is f(12)?
60
Let k(r) = -3*r**3 + 10*r**2 - 2*r - 9. Determine k(4).
-49
Let b(f) = -5*f - 1. What is b(-2)?
9
Let d(y) = 2*y**3 - 26*y**2 + 17*y - 18. What is d(12)?
-102
Let v(c) = c**3 + 8*c**2 - 14*c - 13. What is v(-9)?
32
Let p(x) = -x**3 + 21*x**2 - 37*x - 24. What is p(19)?
-5
Let c(i) = i**3 + 29*i**2 + 4*i + 103. What is c(-29)?
-13
Let j(g) = g**3 - 13*g**2 + 13*g - 9. Calculate j(12).
3
Let v(x) = -x**3 - 10*x**2 - 8*x + 13. What is v(-9)?
4
Let u(g) = 3*g + 22. Give u(-6).
4
Let s(m) = m**2 + 47*m + 280. Calculate s(-41).
34
Let d(j) = -2*j**3 + 7*j**2 + 5*j - 8. Give d(4).
-4
Let u(i) = 19*i - 27. Give u(3).
30
Let d(g) = -g**3 - 13*g**2 + 16*g + 20. Give d(-14).
-8
Let x(m) = m**3 + 12*m**2 - 14*m - 9. Give x(-13).
4
Let n(y) = 3*y**2 + 3*y - 2. What is n(-2)?
4
Let m(y) = 9*y + 2. Determine m(-4).
-34
Let i(j) = -17*j**3 - j**2 - 3*j - 4. Calculate i(-1).
15
Let u(o) = o**3 - 9*o**2 - 14*o - 16. Determine u(11).
72
Let f(v) = -6*v**2 - 5*v + 2. Calculate f(-5).
-123
Let c(n) = 2*n**3 - 30*n**2 + 27*n - 34. Calculate c(14).
-48
Let b(z) = z**3 - z**2 - 5*z + 5. Calculate b(4).
33
Let r(q) = -q**3 + 11*q**2 + 4*q + 9. Determine r(10).
149
Let s(q) = -q**2 - 7*q + 13. Determine s(-12).
-47
Let u(r) = -26*r**3 + 9*r**2 + 5*r - 3. Determine u(-1).
27
Let b(j) = j**2 + 11*j + 12. Give b(-7).
-16
Let j(s) = s**2 - 8*s + 15. What is j(6)?
3
Let p(v) = 7*v**2 - 50*v + 4. Determine p(7).
-3
Let r(h) = -4*h**2 + h + 3. Calculate r(2).
-11
Let c(l) = l**3 + 6*l**2 - 7*l + 6. Determine c(-7).
6
Let s(y) = -2*y**2 + y + 6. What is s(-4)?
-30
Let i(s) = -s**3 + 2*s**2 + 2*s + 5. Determine i(4).
-19
Let c(n) = n**3 + 9*n**2 + 10*n + 20. Calculate c(-8).
4
Let y(w) = 2*w + 35. What is y(-14)?
7
Let j(a) = -a**2 + 3*a + 9. What is j(5)?
-1
Let r(l) = -9*l**3 - 3*l - 2. What is r(-2)?
76
Let c(q) = q**2 - 5*q - 4. What is c(4)?
-8
Let c(a) = 21*a**2 + 2*a + 1. Give c(3).
196
Let m(d) = -d**2 - 4. Give m(0).
-4
Let x(k) = -k**3 + 7*k**2 - 12*k + 4. Give x(5).
-6
Let z(x) = 12*x - 58. Give z(5).
2
Let d(y) = -8*y - 7. Give d(0).
-7
Let n(v) = -v**3 - 4*v**2 + 3*v + 1. Give n(-3).
-17
Let v(a) = -a**3 + a**2 + 11. Give v(0).
11
Let p(u) = 2*u**2 - 8*u - 1. Determine p(5).
9
Let f(k) = 10*k. Give f(5).
50
Let g(z) = z**3 + 3*z**2 - z - 3. Give g(-4).
-15
Let n(l) = -l**3 + 6*l**2 + 4*l - 1. Calculate n(6).
23
Let f(j) = j**3 - 10*j**2 - 5*j + 34. Give f(10).
-16
Let a(y) = -4*y - 41. Give a(-6).
-17
Let c(x) = -x**3 - 4*x**2 - 3*x - 1. Calculate c(-2).
-3
Let p(s) = -2*s**2 + 6*s - 3. Determine p(2).
1
Let f(w) = -3*w**2 + 17*w + 60. Determine f(-3).
-18
Let q(d) = -3*d + 72. Give q(21).
9
Let i(l) = l**2 - 8*l + 7. What is i(7)?
0
Let m(a) = -a**3 - 13*a**2 - 6*a + 12. Give m(-12).
-60
Let t(o) = o**2 - o - 1. Calculate t(-2).
5
Let c(r) = r**3 + 16*r**2 + 14*r - 8. Give c(-15).
7
Let q(a) = -2*a**2 - 6*a - 9. Give q(-4).
-17
Let g(f) = -f**2 - 58*f - 113. What is g(-2)?
-1
Let g(n) = -n**2 + 3*n + 1. Calculate g(2).
3
Let z(h) = 2*h**2 - 12*h + 11. Calculate z(6).
11
Let n(t) = -2*t**2 + 27*t - 69. Give n(3).
-6
Let b(u) = 2*u - 4. Determine b(-5).
-14
Let n(v) = 21*v - 6. Calculate n(-6).
-132
Let l(c) = c**3 + 11*c**2 + 9*c + 9. Calculate l(-5).
114
Let v(u) = -8*u**2 + 8*u - 14. Give v(4).
-110
Let x(p) = 4*p + 27. Determine x(-13).
-25
Let b(o) = 20*o**3 - o**2 + o. Determine b(-2).
-166
Let v(x) = x - 10. Determine v(5).
-5
Let c(k) = -3*k + 32. Calculate c(15).
-13
Let r(n) = -n**2 - 6*n + 106. Give r(-13).
15
Let t(b) = -b + 25. What is t(-5)?
30
Let n(q) = -q**2 + q - 6. Give n(3).
-12
Let n(w) = -2*w**2 + 34*w. Calculate n(18).
-36
Let u(p) = -8*p - 98. Calculate u(-13).
6
Let o(j) = 11*j**3 + 3*j**2 + 4*j + 3. Determine o(-2).
-81
Let m(y) = -y**2 - 19*y - 47. Calculate m(-8).
41
Let b(g) = g**2 + 31*g - 119. Calculate b(-34).
-17
Let d(v) = 14*v**3 - 3*v - 3. Give d(-1).
-14
Let l(b) = b**2